divided by 215.
212
What is the remainder when 3300 is divided by 77?
66
Calculate the remainder when 14362 is divided by 126.
124
Calculate the remainder when 2548 is divided by 51.
49
What is the remainder when 155 is divided by 106?
49
Calculate the remainder when 317 is divided by 96.
29
What is the remainder when 26 is divided by 25?
1
Calculate the remainder when 216 is divided by 64.
24
Calculate the remainder when 17590 is divided by 12.
10
Calculate the remainder when 85 is divided by 25.
10
Calculate the remainder when 72 is divided by 64.
8
What is the remainder when 387 is divided by 13?
10
What is the remainder when 182 is divided by 95?
87
Calculate the remainder when 127 is divided by 44.
39
Calculate the remainder when 41 is divided by 36.
5
Calculate the remainder when 286 is divided by 48.
46
Calculate the remainder when 83 is divided by 73.
10
What is the remainder when 2698 is divided by 25?
23
Calculate the remainder when 2098 is divided by 699.
1
What is the remainder when 1799 is divided by 14?
7
Calculate the remainder when 374 is divided by 121.
11
What is the remainder when 19 is divided by 4?
3
Calculate the remainder when 2749 is divided by 55.
54
What is the remainder when 57 is divided by 5?
2
What is the remainder when 697 is divided by 179?
160
Calculate the remainder when 231 is divided by 29.
28
What is the remainder when 7589 is divided by 23?
22
What is the remainder when 151 is divided by 91?
60
What is the remainder when 126 is divided by 89?
37
What is the remainder when 606 is divided by 158?
132
Calculate the remainder when 278 is divided by 28.
26
What is the remainder when 117 is divided by 9?
0
Calculate the remainder when 903 is divided by 293.
24
What is the remainder when 368 is divided by 126?
116
Calculate the remainder when 268 is divided by 75.
43
Calculate the remainder when 304 is divided by 26.
18
Calculate the remainder when 4068 is divided by 51.
39
What is the remainder when 49 is divided by 37?
12
What is the remainder when 485 is divided by 293?
192
What is the remainder when 410 is divided by 95?
30
Calculate the remainder when 226 is divided by 97.
32
What is the remainder when 445 is divided by 174?
97
Calculate the remainder when 3502 is divided by 872.
14
Calculate the remainder when 2799 is divided by 25.
24
Calculate the remainder when 354 is divided by 17.
14
What is the remainder when 320 is divided by 31?
10
What is the remainder when 86 is divided by 40?
6
Calculate the remainder when 56 is divided by 3.
2
What is the remainder when 254 is divided by 31?
6
What is the remainder when 2605 is divided by 58?
53
What is the remainder when 168 is divided by 25?
18
What is the remainder when 1624 is divided by 16?
8
What is the remainder when 1037 is divided by 44?
25
Calculate the remainder when 569 is divided by 36.
29
Calculate the remainder when 253 is divided by 64.
61
Calculate the remainder when 2670 is divided by 46.
2
Calculate the remainder when 14 is divided by 4.
2
Calculate the remainder when 313 is divided by 6.
1
What is the remainder when 11038 is divided by 12?
10
What is the remainder when 371 is divided by 23?
3
Calculate the remainder when 2419 is divided by 480.
19
Calculate the remainder when 28654 is divided by 12.
10
What is the remainder when 2930 is divided by 46?
32
Calculate the remainder when 145 is divided by 35.
5
What is the remainder when 556 is divided by 12?
4
What is the remainder when 1169 is divided by 117?
116
What is the remainder when 1102 is divided by 539?
24
What is the remainder when 14630 is divided by 59?
57
Calculate the remainder when 372 is divided by 11.
9
Calculate the remainder when 40 is divided by 12.
4
Calculate the remainder when 2828 is divided by 149.
146
What is the remainder when 9151 is divided by 27?
25
Calculate the remainder when 643 is divided by 14.
13
Calculate the remainder when 45 is divided by 40.
5
Calculate the remainder when 593 is divided by 35.
33
Calculate the remainder when 865 is divided by 31.
28
Calculate the remainder when 300 is divided by 21.
6
What is the remainder when 564 is divided by 95?
89
What is the remainder when 88 is divided by 5?
3
Calculate the remainder when 1166 is divided by 51.
44
What is the remainder when 271 is divided by 34?
33
What is the remainder when 774 is divided by 111?
108
What is the remainder when 1869 is divided by 266?
7
What is the remainder when 1953 is divided by 647?
12
Calculate the remainder when 1127 is divided by 287.
266
Calculate the remainder when 744 is divided by 367.
10
Calculate the remainder when 1207 is divided by 121.
118
Calculate the remainder when 1633 is divided by 11.
5
What is the remainder when 352 is divided by 58?
4
What is the remainder when 1321 is divided by 133?
124
Calculate the remainder when 619 is divided by 92.
67
Calculate the remainder when 637 is divided by 172.
121
Calculate the remainder when 613 is divided by 25.
13
Calculate the remainder when 933 is divided by 250.
183
What is the remainder when 592 is divided by 54?
52
What is the remainder when 18 is divided by 6?
0
What is the remainder when 97 is divided by 74?
23
What is the remainder when 143 is divided by 52?
39
What is the remainder when 844 is divided by 13?
12
What is the remainder when 15702 is divided by 104?
102
What is the remainder when 69 is divided by 8?
5
What is the remainder when 116 is divided by 32?
20
Calculate the remainder when 12 is divided by 10.
2
What is the remainder when 2561 is divided by 194?
39
What is the remainder when 125 is divided by 26?
21
Calculate the remainder when 499 is divided by 25.
24
What is the remainder when 206 is divided by 37?
21
What is the remainder when 43 is divided by 33?
10
What is the remainder when 101 is divided by 41?
19
Calculate the remainder when 7287 is divided by 197.
195
Calculate the remainder when 40821 is divided by 42.
39
Calculate the remainder when 36 is divided by 19.
17
Calculate the remainder when 284 is divided by 19.
18
Calculate the remainder when 128 is divided by 110.
18
What is the remainder when 514 is divided by 181?
152
Calculate the remainder when 2680 is divided by 19.
1
What is the remainder when 3438 is divided by 111?
108
Calculate the remainder when 131 is divided by 41.
8
What is the remainder when 101 is divided by 32?
5
Calculate the remainder when 71 is divided by 18.
17
Calculate the remainder when 244 is divided by 37.
22
Calculate the remainder when 115 is divided by 32.
19
What is the remainder when 260 is divided by 67?
59
What is the remainder when 6253 is divided by 118?
117
What is the remainder when 1924 is divided by 161?
153
Calculate the remainder when 853 is divided by 423.
7
Calculate the remainder when 303 is divided by 53.
38
What is the remainder when 1814 is divided by 46?
20
What is the remainder when 24 is divided by 18?
6
What is the remainder when 476 is divided by 168?
140
What is the remainder when 767 is divided by 51?
2
What is the remainder when 5650 is divided by 36?
34
What is the remainder when 51 is divided by 22?
7
What is the remainder when 741 is divided by 67?
4
What is the remainder when 2879 is divided by 45?
44
What is the remainder when 1355 is divided by 23?
21
Calculate the remainder when 429 is divided by 43.
42
Calculate the remainder when 493 is divided by 38.
37
Calculate the remainder when 874 is divided by 98.
90
What is the remainder when 148 is divided by 75?
73
What is the remainder when 1070 is divided by 52?
30
What is the remainder when 6551 is divided by 26?
25
Calculate the remainder when 118 is divided by 79.
39
Calculate the remainder when 143 is divided by 17.
7
What is the remainder when 2687 is divided by 207?
203
What is the remainder when 133 is divided by 27?
25
Calculate the remainder when 828 is divided by 120.
108
Calculate the remainder when 11 is divided by 8.
3
Calculate the remainder when 89277 is divided by 32.
29
Calculate the remainder when 124 is divided by 41.
1
What is the remainder when 46 is divided by 22?
2
What is the remainder when 367 is divided by 25?
17
Calculate the remainder when 250 is divided by 11.
8
What is the remainder when 1136 is divided by 211?
81
Calculate the remainder when 15